 is the units digit of 2572?
2
What is the units digit of 10273?
3
What is the tens digit of 721?
2
What is the units digit of 5647?
7
What is the tens digit of 4185?
8
What is the units digit of 1847?
7
What is the tens digit of 414?
1
What is the tens digit of 4093?
9
What is the hundreds digit of 3383?
3
What is the hundreds digit of 199?
1
What is the units digit of 85475?
5
What is the units digit of 49285?
5
What is the hundreds digit of 2531?
5
What is the thousands digit of 1372?
1
What is the units digit of 10210?
0
What is the tens digit of 27757?
5
What is the tens digit of 8177?
7
What is the hundreds digit of 601?
6
What is the thousands digit of 8221?
8
What is the thousands digit of 57782?
7
What is the thousands digit of 1243?
1
What is the hundreds digit of 3479?
4
What is the tens digit of 904?
0
What is the thousands digit of 27945?
7
What is the units digit of 1006?
6
What is the units digit of 21024?
4
What is the tens digit of 1592?
9
What is the units digit of 1223?
3
What is the units digit of 45325?
5
What is the units digit of 2327?
7
What is the tens digit of 2074?
7
What is the tens digit of 3580?
8
What is the units digit of 3898?
8
What is the hundreds digit of 3309?
3
What is the thousands digit of 1008?
1
What is the tens digit of 42904?
0
What is the thousands digit of 136510?
6
What is the units digit of 2399?
9
What is the units digit of 1157?
7
What is the units digit of 5437?
7
What is the hundreds digit of 387?
3
What is the tens digit of 1049?
4
What is the tens digit of 23722?
2
What is the ten thousands digit of 24194?
2
What is the tens digit of 10595?
9
What is the hundreds digit of 4836?
8
What is the tens digit of 759?
5
What is the units digit of 2689?
9
What is the hundreds digit of 35302?
3
What is the units digit of 165?
5
What is the thousands digit of 5531?
5
What is the thousands digit of 9226?
9
What is the hundreds digit of 2130?
1
What is the units digit of 124850?
0
What is the units digit of 2717?
7
What is the tens digit of 16217?
1
What is the units digit of 15?
5
What is the thousands digit of 32846?
2
What is the thousands digit of 9391?
9
What is the hundreds digit of 13072?
0
What is the hundreds digit of 71715?
7
What is the units digit of 330?
0
What is the tens digit of 8744?
4
What is the units digit of 9804?
4
What is the tens digit of 828?
2
What is the thousands digit of 4431?
4
What is the tens digit of 4623?
2
What is the units digit of 15330?
0
What is the thousands digit of 50755?
0
What is the tens digit of 4537?
3
What is the units digit of 128?
8
What is the hundreds digit of 76624?
6
What is the thousands digit of 20829?
0
What is the units digit of 811?
1
What is the tens digit of 11715?
1
What is the units digit of 3053?
3
What is the units digit of 968?
8
What is the tens digit of 2534?
3
What is the ten thousands digit of 102985?
0
What is the units digit of 131?
1
What is the units digit of 179?
9
What is the units digit of 470?
0
What is the thousands digit of 16651?
6
What is the units digit of 103?
3
What is the ten thousands digit of 11239?
1
What is the hundreds digit of 54779?
7
What is the thousands digit of 3595?
3
What is the tens digit of 3298?
9
What is the units digit of 29710?
0
What is the tens digit of 45841?
4
What is the thousands digit of 5348?
5
What is the ten thousands digit of 61784?
6
What is the tens digit of 1599?
9
What is the tens digit of 819?
1
What is the hundreds digit of 111?
1
What is the thousands digit of 4643?
4
What is the thousands digit of 17039?
7
What is the ten thousands digit of 119752?
1
What is the tens digit of 1803?
0
What is the hundreds digit of 6428?
4
What is the tens digit of 116718?
1
What is the units digit of 515?
5
What is the hundred thousands digit of 171568?
1
What is the hundreds digit of 117694?
6
What is the tens digit of 108?
0
What is the thousands digit of 10943?
0
What is the units digit of 134153?
3
What is the thousands digit of 9213?
9
What is the ten thousands digit of 63826?
6
What is the units digit of 876?
6
What is the hundreds digit of 4025?
0
What is the units digit of 676?
6
What is the hundreds digit of 100865?
8
What is the hundreds digit of 19290?
2
What is the hundreds digit of 1026?
0
What is the thousands digit of 51692?
1
What is the units digit of 991?
1
What is the units digit of 30240?
0
What is the hundreds digit of 3141?
1
What is the hundreds digit of 977?
9
What is the hundreds digit of 39734?
7
What is the units digit of 3791?
1
What is the hundreds digit of 7881?
8
What is the tens digit of 5174?
7
What is the hundreds digit of 35706?
7
What is the tens digit of 765?
6
What is the tens digit of 11483?
8
What is the units digit of 1035?
5
What is the units digit of 521?
1
What is the thousands digit of 16199?
6
What is the units digit of 143345?
5
What is the tens digit of 16059?
5
What is the hundreds digit of 547?
5
What is the tens digit of 4421?
2
What is the units digit of 969?
9
What is the tens digit of 3051?
5
What is the units digit of 2522?
2
What is the tens digit of 8765?
6
What is the thousands digit of 3658?
3
What is the tens digit of 23027?
2
What is the thousands digit of 5421?
5
What is the tens digit of 18027?
2
What is the ten thousands digit of 12662?
1
What is the tens digit of 35755?
5
What is the thousands digit of 1664?
1
What is the hundreds digit of 498?
4
What is the tens digit of 29711?
1
What is the tens digit of 2123?
2
What is the units digit of 1067?
7
What is the tens digit of 483?
8
What is the units digit of 21577?
7
What is the units digit of 9278?
8
What is the tens digit of 826?
2
What is the hundreds digit of 1542?
5
What is the tens digit of 943?
4
What is the hundreds digit of 3337?
3
What is the thousands digit of 10260?
0
What is the ten thousands digit of 22221?
2
What is the thousands digit of 13425?
3
What is the units digit of 2711?
1
What is the thousands digit of 3542?
3
What is the tens digit of 2376?
7
What is the tens digit of 2676?
7
What is the thousands digit of 15442?
5
What is the units digit of 28497?
7
What is the tens digit of 45801?
0
What is the hundreds digit of 104564?
5
What is the units digit of 2247?
7
What is the thousands digit of 29777?
9
What is the tens digit of 1878?
7
What is the hundreds digit of 1499?
4
What is the units digit of 120713?
3
What is the units digit of 3397?
7
What is the units digit of 20406?
6
What is the ten thousands digit of 67918?
6
What is the units digit of 3927?
7
What is the tens digit of 20471?
7
What is the hundreds digit of 7390?
3
What is the tens digit of 87941?
4
What is the hundreds digit of 7598?
5
What is the hundreds digit of 14450?
4
What is the units digit of 1164?
4
What is the units digit of 708?
8
What is the tens digit of 41926?
2
What is the units digit of 39357?
7
What is the units digit of 1000?
0
What is the thousands digit of 5327?
5
What is the ten thousands digit of 31945?
3
What is the units digit of 1183?
3
What is the tens digit of 97327?
2
What is the hundreds digit of 8094?
0
What is the thousands digit of 3802?
3
What is the tens digit of 118114?
1
What is the hundreds digit of 1572?
5
What is the units digit of 778?
8
What is the thousands digit of 49175?
9
What is the hundreds digit of 398?
3
What is the thousands digit of 2449?
2
What is the units digit of 43956?
6
What is the thousands digit of 45609?
5
What is the units digit of 204?
4
What is the hundreds digit of 38352?
3
What is the thousands digit of 1783?
1
What is the units digit of 2601?
1
What is the units digit of 45707?
7
What is the thousands digit of 93620?
3
What is the thousands digit of 1098?
1
What is the tens digit of 1821?
2
What is the hundreds digit of 165?
1
What is the ten thousands digit of 33286?
3
What is the tens digit of 2893?
9
What is the units digit of 11137?
7
What is the ten thousands digit of 13291?
1
What is the hundreds digit of 16555?
5
What is the ten thousands digit of 19758?
1
What is the tens digit of 903?
0
What is the units digit of 19187?
7
What is the tens digit of 32702?
0
What is the tens digit of 102291?
9
What is the hundreds digit of 923?
9
What is the hundreds digit of 1036?
0
What is the units digit of 28235?
5
What is the thousands d